n 33366 is divided by 153?
12
What is the remainder when 19147 is divided by 13?
11
Calculate the remainder when 30650 is divided by 16.
10
Calculate the remainder when 1087 is divided by 45.
7
What is the remainder when 2208 is divided by 122?
12
Calculate the remainder when 104220 is divided by 292.
268
Calculate the remainder when 107952 is divided by 224.
208
What is the remainder when 7510 is divided by 318?
196
What is the remainder when 216525 is divided by 2673?
12
What is the remainder when 1606 is divided by 2?
0
What is the remainder when 789 is divided by 23?
7
What is the remainder when 87691 is divided by 141?
130
Calculate the remainder when 269674 is divided by 24.
10
Calculate the remainder when 136221 is divided by 44.
41
What is the remainder when 13287 is divided by 1122?
945
Calculate the remainder when 163670 is divided by 155.
145
What is the remainder when 12783 is divided by 971?
160
What is the remainder when 189096 is divided by 212?
204
Calculate the remainder when 719 is divided by 671.
48
Calculate the remainder when 2444692 is divided by 18.
4
What is the remainder when 3556 is divided by 363?
289
What is the remainder when 1787 is divided by 440?
27
What is the remainder when 6699 is divided by 6683?
16
Calculate the remainder when 106656 is divided by 1212.
0
What is the remainder when 957 is divided by 120?
117
Calculate the remainder when 20095 is divided by 77.
75
What is the remainder when 42804 is divided by 446?
434
What is the remainder when 933 is divided by 501?
432
What is the remainder when 21945 is divided by 1872?
1353
Calculate the remainder when 44763 is divided by 54.
51
Calculate the remainder when 6657 is divided by 3321.
15
What is the remainder when 119839 is divided by 1712?
1711
Calculate the remainder when 29764 is divided by 16.
4
Calculate the remainder when 3800 is divided by 3777.
23
What is the remainder when 28061 is divided by 289?
28
What is the remainder when 11270 is divided by 12?
2
What is the remainder when 93383 is divided by 46688?
7
Calculate the remainder when 6303 is divided by 518.
87
What is the remainder when 88624 is divided by 125?
124
Calculate the remainder when 11455 is divided by 4793.
1869
Calculate the remainder when 433 is divided by 270.
163
Calculate the remainder when 22087 is divided by 7348.
43
Calculate the remainder when 17297 is divided by 62.
61
Calculate the remainder when 5088 is divided by 853.
823
What is the remainder when 14837 is divided by 28?
25
Calculate the remainder when 62077 is divided by 59.
9
Calculate the remainder when 61451 is divided by 135.
26
What is the remainder when 2111 is divided by 441?
347
What is the remainder when 277652 is divided by 30850?
2
What is the remainder when 4155 is divided by 318?
21
Calculate the remainder when 37414 is divided by 4151.
55
What is the remainder when 5224 is divided by 35?
9
Calculate the remainder when 1276018 is divided by 340.
338
What is the remainder when 8766 is divided by 2790?
396
What is the remainder when 31362 is divided by 397?
396
Calculate the remainder when 117744 is divided by 63.
60
Calculate the remainder when 1397661 is divided by 211.
208
Calculate the remainder when 9170 is divided by 2290.
10
Calculate the remainder when 16432 is divided by 16361.
71
What is the remainder when 2577 is divided by 1390?
1187
Calculate the remainder when 14705 is divided by 1837.
9
What is the remainder when 1560 is divided by 87?
81
Calculate the remainder when 8491 is divided by 1063.
1050
What is the remainder when 151968 is divided by 14?
12
What is the remainder when 31620 is divided by 1216?
4
Calculate the remainder when 1276 is divided by 605.
66
Calculate the remainder when 294657 is divided by 4333.
13
What is the remainder when 3254 is divided by 686?
510
What is the remainder when 4888 is divided by 616?
576
Calculate the remainder when 107935 is divided by 105.
100
What is the remainder when 74507 is divided by 62?
45
Calculate the remainder when 309139 is divided by 441.
439
What is the remainder when 22313 is divided by 20?
13
What is the remainder when 328216 is divided by 59?
58
What is the remainder when 283041 is divided by 97?
92
Calculate the remainder when 627544 is divided by 84.
64
What is the remainder when 158050 is divided by 184?
178
What is the remainder when 10647 is divided by 267?
234
What is the remainder when 1873 is divided by 1845?
28
Calculate the remainder when 553788 is divided by 69.
63
What is the remainder when 3246358 is divided by 312?
310
What is the remainder when 5328 is divided by 925?
703
Calculate the remainder when 2642 is divided by 521.
37
Calculate the remainder when 12511 is divided by 1235.
161
Calculate the remainder when 34569 is divided by 1330.
1319
What is the remainder when 1404 is divided by 1067?
337
What is the remainder when 7480 is divided by 415?
10
What is the remainder when 1490 is divided by 733?
24
What is the remainder when 12920 is divided by 18?
14
Calculate the remainder when 4454966 is divided by 13.
9
What is the remainder when 7710 is divided by 2565?
15
What is the remainder when 5432 is divided by 242?
108
What is the remainder when 7235 is divided by 916?
823
Calculate the remainder when 2530 is divided by 37.
14
Calculate the remainder when 6146 is divided by 1925.
371
Calculate the remainder when 3959 is divided by 3920.
39
Calculate the remainder when 2608 is divided by 4.
0
Calculate the remainder when 21322 is divided by 257.
248
Calculate the remainder when 843893 is divided by 421941.
11
What is the remainder when 15550 is divided by 345?
25
What is the remainder when 793793 is divided by 27?
20
Calculate the remainder when 1778 is divided by 535.
173
What is the remainder when 44114 is divided by 1336?
26
What is the remainder when 14312 is divided by 47?
24
Calculate the remainder when 4115 is divided by 4010.
105
What is the remainder when 2630 is divided by 218?
14
What is the remainder when 543 is divided by 178?
9
What is the remainder when 3297 is divided by 234?
21
Calculate the remainder when 9668 is divided by 270.
218
What is the remainder when 31896 is divided by 2273?
74
Calculate the remainder when 444 is divided by 28.
24
Calculate the remainder when 6529 is divided by 20.
9
Calculate the remainder when 10135 is divided by 5067.
1
What is the remainder when 36860 is divided by 191?
188
Calculate the remainder when 4270 is divided by 2040.
190
What is the remainder when 31408 is divided by 61?
54
What is the remainder when 24283 is divided by 3011?
195
Calculate the remainder when 3005 is divided by 2067.
938
What is the remainder when 371 is divided by 46?
3
What is the remainder when 23960 is divided by 1264?
1208
Calculate the remainder when 1114942 is divided by 62.
58
Calculate the remainder when 34708 is divided by 181.
137
What is the remainder when 431045 is divided by 103?
93
Calculate the remainder when 1241418 is divided by 17.
10
Calculate the remainder when 264494 is divided by 271.
269
Calculate the remainder when 2257700 is divided by 752561.
17
Calculate the remainder when 478 is divided by 20.
18
What is the remainder when 11744 is divided by 3909?
17
What is the remainder when 28290 is divided by 9419?
33
Calculate the remainder when 38243 is divided by 175.
93
What is the remainder when 32577 is divided by 18?
15
Calculate the remainder when 18522 is divided by 560.
42
What is the remainder when 99709 is divided by 164?
161
Calculate the remainder when 15051 is divided by 5017.
0
What is the remainder when 37845 is divided by 9433?
113
What is the remainder when 110500 is divided by 18?
16
Calculate the remainder when 6971 is divided by 51.
35
What is the remainder when 841 is divided by 15?
1
What is the remainder when 10665 is divided by 5303?
59
What is the remainder when 1809 is divided by 314?
239
Calculate the remainder when 16112 is divided by 1473.
1382
Calculate the remainder when 32895 is divided by 2530.
5
Calculate the remainder when 1025268 is divided by 512620.
28
Calculate the remainder when 8686 is divided by 8655.
31
What is the remainder when 120958 is divided by 9?
7
What is the remainder when 636983 is divided by 15?
8
Calculate the remainder w